09.
839
What is the highest common factor of 109395 and 216801?
1989
What is the greatest common factor of 194059 and 43?
43
Calculate the highest common factor of 293508 and 144.
36
What is the highest common factor of 268338 and 84?
42
Calculate the greatest common factor of 648565 and 209.
19
What is the highest common divisor of 33 and 2342703?
33
Calculate the greatest common factor of 4601 and 301.
43
What is the highest common divisor of 13312 and 112?
16
Calculate the greatest common factor of 6608 and 2016.
112
What is the highest common factor of 12342 and 265166?
374
What is the greatest common factor of 63 and 39795?
21
What is the highest common factor of 927 and 410661?
927
What is the highest common factor of 70125 and 1155?
165
Calculate the greatest common factor of 19591 and 91.
13
What is the highest common factor of 9546 and 57534?
258
What is the highest common factor of 6992 and 43263?
437
Calculate the greatest common factor of 248 and 222642.
62
What is the highest common divisor of 864 and 3756?
12
What is the highest common factor of 1644 and 93?
3
Calculate the highest common divisor of 218438 and 374.
22
Calculate the highest common factor of 320 and 624.
16
Calculate the highest common divisor of 17206 and 1302.
14
Calculate the greatest common divisor of 51025 and 10985.
65
Calculate the highest common divisor of 233 and 193157.
233
What is the greatest common divisor of 5632 and 416?
32
What is the highest common divisor of 308 and 7413868?
308
Calculate the greatest common factor of 42 and 7674.
6
Calculate the highest common divisor of 1335 and 267890.
445
What is the greatest common divisor of 2115 and 502101?
423
Calculate the highest common divisor of 90196 and 32.
4
What is the greatest common factor of 1274 and 3136?
98
Calculate the greatest common factor of 13 and 193726.
13
What is the highest common divisor of 20 and 187160?
20
Calculate the highest common factor of 8512 and 47348.
532
Calculate the highest common factor of 28407 and 15.
3
What is the greatest common divisor of 234 and 62127?
117
Calculate the greatest common divisor of 125545 and 4165.
595
Calculate the greatest common divisor of 499563 and 12.
3
Calculate the highest common divisor of 69 and 1912887.
69
Calculate the greatest common factor of 596 and 41422.
298
Calculate the highest common divisor of 30 and 994410.
30
What is the greatest common divisor of 8322 and 798?
114
What is the highest common divisor of 127 and 122?
1
Calculate the highest common divisor of 834 and 285645.
417
Calculate the greatest common divisor of 219 and 2562446.
73
Calculate the highest common factor of 4960 and 320.
160
What is the highest common divisor of 288500 and 500?
500
Calculate the greatest common factor of 65008 and 4672.
16
Calculate the highest common factor of 610 and 4514.
122
Calculate the highest common divisor of 23718 and 2814.
402
Calculate the greatest common factor of 98 and 160601.
7
What is the highest common divisor of 624 and 443984?
16
What is the highest common factor of 1541 and 93518?
23
What is the highest common factor of 110 and 70895?
55
What is the greatest common divisor of 93094 and 26166?
178
Calculate the greatest common factor of 1488453 and 309.
309
What is the highest common factor of 980 and 44226?
14
What is the greatest common divisor of 240 and 11980?
20
What is the greatest common factor of 195 and 120?
15
Calculate the highest common factor of 15680 and 240.
80
What is the highest common factor of 54156 and 24?
12
What is the greatest common factor of 7645 and 9869?
139
Calculate the highest common divisor of 7592 and 23068.
292
What is the greatest common divisor of 976 and 107970?
122
Calculate the greatest common divisor of 862 and 675377.
431
What is the highest common divisor of 204707 and 3?
1
Calculate the highest common factor of 3640 and 5080.
40
Calculate the greatest common divisor of 203 and 252.
7
Calculate the greatest common divisor of 2280 and 1467560.
760
What is the greatest common divisor of 10600 and 4150?
50
What is the highest common factor of 250 and 409875?
125
What is the greatest common factor of 8007 and 187?
17
Calculate the greatest common divisor of 34530 and 30.
30
Calculate the greatest common divisor of 259 and 694897.
259
What is the greatest common factor of 2816 and 53248?
256
Calculate the highest common factor of 8 and 26392.
8
What is the greatest common factor of 10810 and 27730?
470
What is the highest common divisor of 75164 and 23?
23
Calculate the greatest common divisor of 106184 and 416.
104
Calculate the highest common divisor of 110592 and 36.
36
What is the greatest common factor of 18106 and 66?
22
What is the greatest common factor of 818462 and 5526?
614
What is the highest common divisor of 376775 and 350?
175
What is the greatest common divisor of 279 and 482577?
93
Calculate the greatest common factor of 2592873 and 177.
177
Calculate the greatest common divisor of 2024 and 1675113.
253
What is the highest common divisor of 24489 and 54?
27
Calculate the greatest common divisor of 10465 and 504595.
455
Calculate the highest common factor of 20569 and 36448.
67
What is the highest common divisor of 12317794 and 41?
41
Calculate the highest common divisor of 6 and 2463339.
3
Calculate the highest common factor of 36852 and 703.
37
Calculate the highest common factor of 17196 and 96.
12
Calculate the greatest common divisor of 1022 and 4671562.
1022
Calculate the greatest common factor of 294130 and 110.
10
What is the greatest common divisor of 490 and 6510?
70
What is the highest common factor of 4 and 96903?
1
What is the highest common divisor of 636493 and 2431?
143
Calculate the highest common divisor of 25467 and 13.
13
What is the highest common factor of 429990 and 130?
10
Calculate the greatest common factor of 378 and 5943.
21
What is the highest common divisor of 1 and 73277?
1
What is the highest common divisor of 8 and 28916?
4
What is the highest common divisor of 666 and 12321?
333
Calculate the greatest common factor of 1862 and 441.
49
Calculate the highest common divisor of 6 and 15654.
6
Calculate the highest common divisor of 4774 and 2233.
77
Calculate the greatest common divisor of 18 and 25902.
18
What is the greatest common divisor of 759 and 4587?
33
Calculate the highest common divisor of 110260 and 1998.
74
What is the highest common factor of 477 and 9108?
9
Calculate the greatest common factor of 9 and 222903.
9
Calculate the highest common divisor of 628 and 775266.
314
What is the greatest common factor of 667596 and 96?
12
Calculate the greatest common factor of 2585550 and 5500.
550
What is the highest common divisor of 8875 and 28125?
125
What is the highest common factor of 1888 and 118?
118
Calculate the highest common divisor of 788338 and 2.
2
What is the greatest common divisor of 366 and 1590?
6
Calculate the greatest common factor of 344097 and 2422.
173
What is the highest common factor of 9685 and 2015?
65
Calculate the greatest common divisor of 25 and 670.
5
Calculate the greatest common divisor of 10572 and 36.
12
Calculate the highest common divisor of 76832 and 448.
224
What is the highest common factor of 92553 and 3?
3
What is the greatest common factor of 7184361 and 3?
3
Calculate the highest common divisor of 218 and 110962.
218
Calculate the greatest common divisor of 41 and 74948.
41
What is the highest common factor of 347710 and 3335?
145
Calculate the greatest common factor of 121129 and 623.
89
Calculate the greatest common factor of 6768 and 6251.
47
What is the highest common factor of 2971 and 3?
1
Calculate the greatest common factor of 202392 and 3.
3
What is the highest common divisor of 11495 and 6655?
605
What is the highest common factor of 438141 and 17?
17
Calculate the highest common factor of 3 and 208869.
3
What is the greatest common divisor of 3256 and 3589?
37
Calculate the highest common divisor of 267393 and 735.
147
What is the greatest common divisor of 105 and 163695?
105
What is the highest common factor of 1308 and 138?
6
What is the greatest common divisor of 49 and 182?
7
What is the highest common factor of 28 and 96215?
7
Calculate the highest common divisor of 242